 derivative of -8*l**5/5 - l**4/4 - l**3/6 - 87*l + 11. What is u(-1)?
30
Let s be 4 + (30 - 34)/((-2)/(-4)) + 6. Let g(m) = 4*m**2 + m + 4. What is g(s)?
22
Let h(b) = -4306*b + 10 + 4307*b - 40. What is h(0)?
-30
Suppose -52 = -3*k - 2*g, 3*g = -2*g + 10. Suppose 3*b + 2*m = m - k, 4*m + 15 = -5*b. Let r(z) = z**3 + 7*z**2 + 2*z + 4. What is r(b)?
-10
Let x(d) be the second derivative of -d**6/24 - d**5/30 - d**4/24 - 7*d**2/2 - 8*d + 1. Let v(s) be the first derivative of x(s). Give v(-1).
4
Let z(k) = 5*k - 6. Let n(s) = 45*s - 55. Let l be 1 - 5/(5/(-54)). Let i(t) = l*z(t) - 6*n(t). Suppose 59*y + 544 = 249. Determine i(y).
-25
Let o(l) = 8*l - 1. Let a(m) = -7*m + 1. Let k(b) = -5*a(b) - 4*o(b). Let c = 35 - 31. Suppose -3*v - 10 = 5*r, c*v = -v. Give k(r).
-7
Suppose -4 = 2*p - 4*a + 2, 2*p - 39 = -5*a. Let h = -108 - -140. Suppose p*i = -i + h. Let x(s) = s**3 - 2*s**2 - 2*s + 6. Determine x(i).
30
Let t(d) = -227*d + 161. Let k(n) = -69*n + 54. Let m(g) = 13*k(g) - 4*t(g). What is m(-8)?
-30
Let v(f) = -2*f**3 - f + 1. Let x(y) be the third derivative of y**4/24 - y**3 - 28*y**2. Let i be x(10). Suppose i*t - 19 = 5*a, -12 = 2*a + 2*a. Give v(t).
-2
Let w(x) = -x - 5. Let z be 6/(-27) + 5 + 552/54. Suppose -3*u = -0*o - 2*o - z, 2*o = u - 5. Give w(o).
-5
Let n(u) = -15*u + 54*u + 3 - 15*u - 20*u - 18*u. What is n(-5)?
73
Let l(b) be the first derivative of -b**3/3 + 8*b**2 + 33*b + 7041. Determine l(-2).
-3
Let r(j) = 11*j + 1. Let s(y) = -3*y. Let w(c) = 4*r(c) + 15*s(c). Suppose -6*g = -5*g - 28. Suppose -12 = -5*m + g. Determine w(m).
-4
Suppose 8*j - 3 = 37. Let b(h) = -3*h + 2791 - h**3 + 2*h**3 - 2790 - 4*h**2. Give b(j).
11
Let g(k) = -2*k**3 - 2*k**2 - k + 2. Suppose -424*x = -418*x + 1656. Let c = 277 + x. Give g(c).
-3
Let f(h) be the first derivative of h**4/4 + h**3/3 - 5*h**2/2 + 4*h + 2863. Determine f(-3).
1
Let o(r) = 3*r - 6 + 9*r - 8*r - r - 10. Determine o(9).
11
Let b(y) = -3*y - 4. Let h be (4 - (-3 - -2))/1. Suppose -4*j - 2*r = -8, h*j - 8 = j + r. Suppose -2*a - 2*a = -4*v + 36, j*v - 24 = 4*a. Give b(v).
-22
Let q(x) be the first derivative of 12*x**2 - 186*x + 4577. What is q(8)?
6
Let n(c) = -18*c**3 + 2*c**2 - 3*c + 1. Let k = 6628 - 6627. Calculate n(k).
-18
Let t(z) = -8*z - 12. Let r = -20109 + 20087. Determine t(r).
164
Let r(j) = -92*j**3 - 21*j**2 - 15*j + 17. Let y(v) = 44*v**3 + 10*v**2 + 7*v - 8. Let b(x) = -9*r(x) - 19*y(x). Calculate b(-2).
55
Let w(h) = 0*h + 152 + 32*h - 21*h + h. What is w(-11)?
20
Let m(i) = -4*i**3 - 3*i**2 - i + 1. Let t = -4654 - -4653. Determine m(t).
3
Suppose 14*g + 28 = 10*g. Suppose 4 + 2 = 2*k. Let y(f) = k*f - 3*f + 3*f - f. Determine y(g).
-14
Let x(z) = 2*z + 3. Suppose -d - 2*d = 0. Let p(b) = -b + d + 4*b + 5. Let g(u) = 3*p(u) - 5*x(u). What is g(-6)?
6
Let w(o) = -7*o**3 + 6*o**2 - 37*o - 11. Let r(i) = 20*i**3 - 18*i**2 + 105*i + 31. Let m(p) = -6*r(p) - 17*w(p). Determine m(3).
25
Let w(g) = -g**2 + 18*g - 80. Let c(t) = -2*t**3 + 9*t**2 - 38*t + 145. Let o be c(4). Determine w(o).
1
Suppose 0 = 3*n + 290 - 302. Let k(g) be the first derivative of -g**5/120 + g**4/24 - g**3 - 1. Let t(j) be the third derivative of k(j). What is t(n)?
-3
Suppose 8*h = 11 + 13. Let c(r) = -4*r**2 + 551*r - 554*r + 3 + h*r**2 + 4 - 2. Give c(-4).
1
Let z(f) be the second derivative of f**5/20 - 3*f**4/2 + 16*f**3/3 - f**2 - 573*f. Give z(16).
-2
Suppose -120 = -8*t - 112. Let m = t + 5. Let a(o) = o**3 - 5*o**2 - 7*o + 12. Give a(m).
6
Suppose 481*b + 1941 + 47 + 898 = 0. Let u(r) = 26*r + 166. Calculate u(b).
10
Let b be -2*((4 - 0 - 1) + -1). Let s be (-1 - (-5)/(-10))*b. Suppose 0 = 3*t - 3*x + 9, -13 = -t + s*t - 4*x. Let n(p) = 8*p + 1. Determine n(t).
-7
Let w(k) = k**3 - 26*k**2 + 50*k - 48. Let q(n) = -10*n**2 + 289*n + 53. Let i be q(29). What is w(i)?
0
Let t(o) be the first derivative of 8*o**4 - o**3/3 - o**2/2 + 2*o + 1118. Give t(1).
32
Let t(j) = -4*j**2 + 16*j - 9. Let q be t(3). Let b(n) = -7*n - 12. Let c(o) = 20*o + 38. Let v(i) = q*c(i) + 8*b(i). Calculate v(-5).
-2
Suppose 0 = -3*o + 12 + 9. Suppose 73*j - 66*j + o = 0. Let y(z) = 18*z. Give y(j).
-18
Let n(g) be the second derivative of -1/12*g**4 + 0 + 0*g**3 + 3*g + 3/2*g**2. Let p(k) = -62*k - 186. Let w be p(-3). Calculate n(w).
3
Suppose -4*k - 15 = -b, 7*b - 6*b = 2*k + 15. Let f(n) = -n**2 + 15*n - 5. Let u be f(b). Let c(i) = i + 2. Calculate c(u).
-3
Let c(b) = -b**2 + 7*b - 4. Suppose 994 = -14*z - 966. Suppose -u = 1 - 3. Let g be z/(-24) + u/12. Give c(g).
2
Let v(n) = -37*n - 620. Let b be v(-17). Let a(j) = -j**2 + 8*j + 4. Determine a(b).
-5
Suppose -2*r = 4*z, -r + 4*z - z - 5 = 0. Let i = 0 - -6. Let l(x) = -836 + 836 - i*x. Give l(r).
12
Let f(a) = 127 + 19*a - 13*a + 71 + 22*a. Let z be f(-7). Let q(y) = 3*y - 3. Give q(z).
3
Let f(n) be the third derivative of -n + 5/6*n**3 + 0 - 197*n**2 + 1/8*n**4. What is f(-3)?
-4
Let q(g) be the first derivative of 5*g**2/2 + 3*g - 3. Let f(a) = -24*a**2 + 24*a**2 + 1 - a - 3*a**3. Let n be f(1). What is q(n)?
-12
Let q(z) = -7*z**2 - 2*z - 1. Suppose -2*t + 3*o + 38 = 0, 0*o - 3*o = 4*t - 76. Suppose 0 = -11*m + 30*m + t. Calculate q(m).
-6
Let i(y) = -2*y - 2 + 1 - 2. Let c(x) = x**2 - 19*x + 54. Let m be c(4). What is i(m)?
9
Suppose 15*u - 8*u = 21. Suppose -2*x + 3 + u = 0. Let z(a) = 6*a - a**x - 6 + 2*a**2 + 4*a**2 + 4*a**2 - 6*a**2. What is z(5)?
-1
Let z(p) = 36*p - 6. Suppose 71*f - 50 = 111*f - 65*f. Calculate z(f).
66
Let g(b) be the first derivative of -b**4/4 + 3*b**3 - 11*b**2/2 + 4*b + 222. Determine g(5).
49
Suppose x - 3*x + 54 = 0. Let w(m) = -x*m - 58 + 6*m + 10*m + 15*m. Let g be w(14). Let n(z) = -3*z. Determine n(g).
6
Let z be 15*((84/18)/(-7))/(-11 - -13). Let k(u) = -4*u - 20. Determine k(z).
0
Let x = 396 + -431. Let z = 36 + x. Let b(w) be the first derivative of -2*w**3 - w - 2. Give b(z).
-7
Suppose -k + 13 = -28*o + 27*o, -k - 2*o = -16. Let n(b) = 0*b**3 - b**3 + k*b**2 + 15*b**2 - 6*b - 5 - 25*b**2 + 4*b. Determine n(4).
-13
Let a(o) = -3*o**2 - 253581*o**3 + 5*o + 1 - o + 253582*o**3. Determine a(3).
13
Let v(g) = 0*g + 677 - 1349 - g + 674. Let l(f) = -4*f - 3. Let u(z) = -l(z) + 6*v(z). What is u(11)?
-7
Let q be 1 + (-12)/2 - 565. Let g be 1/(345/q + (-2)/(-19)). Let x(m) = m**2 + 4*m + 1. What is x(g)?
-3
Suppose -f = 3*h - 1496, 2001 = 4*h - 9*f + 4*f. Let w(a) = 1020 - 508 + a - h. Determine w(-6).
7
Let i be (-84)/24*(-10)/7. Let n(w) = 1 - 8*w + 23*w - i - 6*w + 5. What is n(-1)?
-8
Let j(u) = 11*u + 3. Let n(x) = 58*x + 16. Let s(g) = 11*j(g) - 2*n(g). Determine s(3).
16
Let i(n) be the third derivative of -n**4/24 - 13*n**3/6 + 93*n**2. Let o be i(-15). Let g(w) = -w**3 - 2*w**2 - 2*w + 3. Determine g(o).
-17
Let j(s) = s**2 - 3*s - 18. Suppose -247 + 122 = -73*i + 167. Calculate j(i).
-14
Suppose -4*y = -0 + 8. Let k(b) be the first derivative of 0*b**2 + 0*b + 1/3*b**3 - 81. Give k(y).
4
Let q(u) = -11*u**2 - u + 6. Let i be q(1). Let h(d) = d**3 + 8*d**2 + 7*d + 8. Determine h(i).
38
Let h(y) = -6*y**2 + y + 2. Suppose 25*d = -42 - 8. Let v be (6 + -8)/(-2)*(1 + d). What is h(v)?
-5
Let g be (-32)/4*85/680. Let q(r) = -r + 11*r + r. Determine q(g).
-11
Let u = 381 + -366. Suppose -3*d + u = 0, 5*d + 43 - 75 = -j. Let b(m) = -m**2 + 6*m + 13. Give b(j).
6
Let c = 910 + -911. Suppose 0 = 4*b - 8*b. Let n(a) = 3*a + b + 0 + 2*a. Determine n(c).
-5
Let w = -3292 + 3301. Let d(k) = k**3 - 9*k**2 - 3*k + 16. What is d(w)?
-11
Let y be (240/8)/3 - 0*(-3)/12. Let t(w) = 6*w - 65. Calculate t(y).
-5
Let i(k) = -k**2 - 5*k - 3. Let y be -2*7/(-2) + -2. Suppose y*r = -5*d - 45, 2*r - 6*d - 2 = -3*d. Calculate i(r).
-3
Suppose o - 49 = -4*s, 3*s + 20 = 8*s. Let d = -35 + o. Let a(t) = t + 0 + 0 + 1. Determine a(d).
-1
Suppose b - 2 = -1. Let p(q) = 23*q + 9*q + 7630796 - 7630796. Give p(b).
32
Let n(v) = -v**3 + 4*v - 4. Suppose -4*h = a - 11, h = -4*h - 4*a + 22. Let f(m) = 3*m - 3*m**2 + 9*m**h - 1 - m**3 + 2*m - 3*m**2. Let k be f(4). Give n(k).
-19
Let u = 3442 + -3439. Let i(v) be the third derivative of 3/2*v**u + 11/24*v**4 + 1/60*v**5 - 29*v**2 + 0 + 0*v. Determine i(-7).
-19
Let o(d) be the second derivative of d**5/2 - d**4/12 + 2*d**3/3 - d**2 + 974*d. What is o(1)?
11
Let m(f) be the second deri